he third derivative of a**5/60 + 19*a**4/24 - 61*a**3/6 - 16*a**2. Is q(20) composite?
False
Suppose 9*r - 4*r + 4*o = 761, -3*o + 12 = 0. Let a = 1192 - r. Is a composite?
True
Suppose 3*g + 5*g = 40. Suppose -5*q + 10784 = 3*l, 6*q + 17963 = g*l + 4*q. Is l composite?
False
Let t(y) = 32*y + 471. Is t(0) a prime number?
False
Let n = 15293 - -42734. Is n composite?
False
Suppose -5100 = 18*x - 22*x. Suppose r - x = -368. Is r a prime number?
True
Suppose 6*n - 845 - 7321 = 0. Is n a prime number?
True
Let h = 53 - 32. Let r = h - 0. Let x = r - -56. Is x a prime number?
False
Let z(p) = -5*p + 25. Let x be z(4). Suppose 0 = 4*s - j - 1174, x*s + j = 2*s + 877. Is s composite?
False
Let b(k) = k**2 + 5*k - 4. Let r be b(-5). Let u(s) = -5*s**3 + 6*s**2 - 7*s + 3. Let f be u(-6). Is r/10 - f/(-15) a composite number?
False
Is (0 - (-4)/(-8))*-11694 a prime number?
False
Suppose 5*c = 4*y + 17, -6 = 4*y - 2*y - 2*c. Suppose -r - 5*u = -804, 314 = r + y*u - 505. Is r composite?
False
Suppose -13610 = -3*f + 17743. Is f composite?
True
Let s be 0/(1 - 4) + 2. Suppose -3 - 1 = s*w. Is (2/3)/(w/(-363)) a prime number?
False
Let l(g) = 5147*g**2 - 21*g - 53. Is l(-3) a composite number?
True
Let o(z) = 35*z + 28271. Is o(0) a prime number?
False
Let s(v) = -8*v**3 - 3*v**2 + 6*v + 7. Let l = -69 - -65. Is s(l) composite?
True
Let l(j) = -74*j - 7. Let y(z) = 149*z + 15. Let b(x) = 5*l(x) + 2*y(x). Is b(-3) prime?
True
Let k be (-19)/(-5 - (-9)/3)*2. Let p be (22/(-3) - -2)*-6. Let t = p - k. Is t prime?
True
Let a(h) = -293*h - 15. Let z be a(4). Let c = -789 - z. Is c prime?
False
Suppose -3*f = 3*x - 33714, 4*f - 3*x - 12840 = 32147. Is f composite?
False
Suppose -5*o = -o + 16. Is (0 + -4)/o*1 - -992 composite?
True
Let s(v) = -76*v + 6. Let l = -45 + 37. Is s(l) a prime number?
False
Let r(q) = 240*q**2 - 1. Is r(9) a prime number?
False
Suppose -3*y + 0*i - 6499 = 2*i, 5*y + 4*i = -10835. Let h = 4496 + y. Is h a composite number?
False
Let m be (4/16)/((-3)/(-36)). Suppose 2*y - 442 = 5*r, m*y + r = -29 + 726. Suppose -448 = -2*i - 4*d + 5*d, i = 4*d + y. Is i prime?
True
Let l(t) = 5*t**2 + 2 - 6*t**2 + 5*t - 2*t. Let c be l(2). Suppose -z - 145 + 392 = 4*v, -c*z - 2*v + 1058 = 0. Is z composite?
True
Suppose -2*v - v = 5*k + 47, -k - 1 = 0. Is ((-1012)/(-6))/(v/(-21)) a composite number?
True
Suppose f - 22 = -108. Let l(n) = -3*n - 3. Let v be l(-2). Is v - 7/(7/f) composite?
False
Suppose 0 = 2*l + 8, -2*z + 4*l = 3*z - 1911. Is z a composite number?
False
Suppose -2*n = 5*d - 0*d - 306, 5*d = n - 138. Let r be (3 - 0) + (-3)/(-1). Suppose 2*h + n = r*h. Is h a prime number?
True
Suppose -2*x - 17*x = 76. Is (-3705)/(-1 + x) + -2 a composite number?
False
Let v = 184927 + -32936. Is v a composite number?
True
Let h(r) = 4*r. Let l be h(-1). Let m = 4 + l. Suppose -n = -m*n - 251. Is n a prime number?
True
Let j = -1656 + 2347. Is j composite?
False
Suppose -2*v + 1145 + 1001 = 0. Is v a prime number?
False
Let t(o) = o + 8. Let y be t(2). Suppose 0 = y*h - 9*h - 2999. Is h a composite number?
False
Suppose -10*f + 7*f = 5*u - 41008, -5*f = -5*u - 68280. Is f composite?
True
Let i be 4/(-12) + (-76)/(-12). Suppose -i*p + 4*p = -1942. Is p prime?
True
Let y(q) = q**2 + q - 3 + 1 - 3*q + 6. Is y(-7) prime?
True
Let o be (-1 + 0)/((90/12)/15). Is (-508)/o*(7 + -6) a prime number?
False
Suppose -3*b - 4 - 10 = 5*o, 3*o + 6 = -3*b. Is 5/(15/(-67))*(b + -5) a prime number?
True
Suppose -a + 7 = 21. Let v = a + 31. Is (2 + -3)*(-4 - v) prime?
False
Let l = 32 - 28. Suppose -2*k + 624 = r + 139, 3*r - 1425 = l*k. Is r a prime number?
True
Let v(c) = -3*c**2 + 9. Let u(z) = -15*z**2 + z + 44. Let p(l) = 2*u(l) - 11*v(l). Is p(-12) composite?
False
Let z(f) = -f**2 - 1. Let d(j) = 5*j**2 + 7*j - 3. Let v(b) = -d(b) - 6*z(b). Let k be v(6). Suppose 3*y + 195 = 5*i, -5*i - 5*y = -k*y - 195. Is i composite?
True
Let u(c) = -c**3 - 5*c**2 - 2*c + 2. Let r be u(-4). Is (-3409)/21*(r + 9/3) a composite number?
False
Suppose -5*a + 15461 = 3*u, -7929 - 12671 = -4*u - 3*a. Is u a prime number?
True
Let v(b) = -b**3 + 14*b**2 + 6*b - 18. Suppose -23 = -3*w - 2*o + 21, o + 56 = 5*w. Let u be v(w). Let p = 553 - u. Is p prime?
True
Let n(p) = 6*p**2 + p**2 + p + 10*p**2 - 1. Suppose 4*t = -5*l - 7, 3*t - 2 = 2*l + 10. Is n(l) prime?
True
Suppose -4*j - 5*v - 276 = 0, -2*j + 0*v - 164 = -4*v. Let y = j + 114. Suppose l - 5 = 0, 5*q - 2*l - 20 = y. Is q a prime number?
False
Let k be (-30)/(3*1/(-4)). Let l = -2 + k. Suppose -x + l = x. Is x prime?
True
Let y(f) be the third derivative of 5*f**4/6 + 9*f**3/2 - 10*f**2. Let a be y(12). Suppose -3*c - 66 = -a. Is c a composite number?
False
Suppose 68*t - 476536 = 2505876. Is t a prime number?
False
Let s(m) = -m**2 + 9*m + 14. Let r be s(10). Is 2 + (r - 2 - -687) a composite number?
False
Let t(q) = -1887*q - 146. Is t(-9) a composite number?
True
Suppose 2*h + 9*n - 24385 - 3700 = 0, 4*h - 56119 = -n. Is h prime?
True
Let u = -164 + 167. Suppose 3*m + 2*m + 25 = 0, 2*r = u*m + 1277. Is r prime?
True
Let y = -1190 - -820. Let o = y + 2235. Is o a composite number?
True
Suppose -3*k = 12, -5*k - 26 = f - 0*f. Is (-1)/(-2) + (-4683)/f prime?
False
Suppose 3*t - 10 = 4*s - 41, -5*t - 21 = s. Let u(o) = 14*o - 9. Is u(s) a prime number?
True
Let x(m) = 3*m + 2. Let n be x(2). Let d be (-500)/10*n/(-10). Is 76/(-1)*d/(-32) composite?
True
Is (-15814)/(-4) + (-45)/10 + 4 prime?
False
Is (-1)/4 - 2*76811/(-56) prime?
False
Let b = 1 - 13. Let m = b - -24. Is (-9)/m*-1*124 a prime number?
False
Let f = 16 - -2. Suppose -s + 372 = -f. Let n = s - 181. Is n a composite number?
True
Suppose 0*f - 810 = -f + 5*t, 0 = -5*t - 15. Suppose 4*w - f = 3*w - 4*q, 0 = 2*w + 4*q - 1582. Is w prime?
True
Let s(m) = 5*m + 14. Let n be s(-2). Suppose n*g + 5115 = 4*i - g, i - 1275 = 2*g. Is i composite?
True
Suppose -3*o + 2*k + 8 = 0, 10*o = 5*o - 4*k + 6. Suppose -2*a + 3*a - o*z - 9669 = 0, -2*z - 38670 = -4*a. Is a a composite number?
True
Is 352/(-24)*-3 + -7 a composite number?
False
Suppose -4*d + 4*t = 2*t - 4380, 3*t + 1105 = d. Let r = d - -348. Is r composite?
True
Let l(q) = -8*q**3 + 1. Let s be l(-1). Let k = -7 + s. Suppose 0 = 2*z + 3*n - 35, -k*n + 53 + 21 = 4*z. Is z prime?
True
Let a be (-4)/10 + (-514)/(-10). Let g be 2 - (a - 3)*-1. Suppose 2*l - 388 = g. Is l a composite number?
True
Let c be ((-95)/(-3) + -2)/((-3)/72). Let h = 2613 + c. Is h composite?
False
Let m(t) = 14*t**2 + 14*t - 29. Let x be m(-12). Suppose -2*w + x - 366 = 5*s, w - 1163 = -4*s. Is s a composite number?
True
Let w be (-4)/(-22) + (-106)/(-22). Suppose k + 4*g = 3*k, k = w*g - 6. Suppose -5*a + 25 = 0, -5*a + 16 = k*y - 45. Is y a composite number?
True
Let f(w) = 2*w + 6. Let a be f(-6). Let d be (-4)/a*(-27)/(-2). Let k = d + 1. Is k prime?
False
Let o be -3*(-4 - (-20)/6). Is o/(-4) - (-5518)/4 a composite number?
True
Let c = 78 - 102. Is 6/(-4)*24368/c a composite number?
False
Suppose -v - 2306 + 15745 = 0. Is v a prime number?
False
Suppose 4*v + 189 = 3*z, v + 323 = 5*z - 3*v. Suppose -4*u = -i - z + 1128, -5*i = 4*u - 5425. Is i composite?
True
Let u = -46 - -154. Let q = 23 + u. Is q composite?
False
Suppose -29963 + 85713 = 5*h. Suppose -17*n + h = -7*n. Is n a composite number?
True
Suppose 7*r + r = 32. Suppose 6*n = -5*x + 2*n + 2535, 0 = -r*x - n + 2039. Is x composite?
True
Let p be (1 - -1)/(20/50). Let t be -1 + p + -1 - -2. Suppose 7201 = 4*l + 5*q, -2*q - 8996 = -t*l - 3*q. Is l prime?
False
Suppose p + 51 = -2*l, -2*l + 2*p + 56 = -4*l. Let x = 90 + l. Is x a composite number?
False
Let g(w) = 314*w - 309. Is g(8) a prime number?
True
Is (1973/(-6)*(3 + -9))/1 composite?
False
Suppose b = 4*b + 498. Suppose 0 = 4*u + k + 183, -5*u - 5*k + 3*k = 225. Let d = u - b. Is d composite?
True
Suppose -31 + 4 = -9*i. Suppose i*a = -15, -a = -3*u - 2*a + 8116. Is u a composite number?
False
Suppose -73774 - 77436 = -10*x. Is x prime?
True
Suppose -2*p + 742 = 2*d - 198, 4*d - 1865 = -p. Let c = d + 184. Is c a prime number?
False
Let u(p) = 188*p**2 - p - 18. Is u(5) a composite number?
True
Let t = 19 + -22. Let z be t/12 - 18/(-8). Suppose z*q - 254 = 912. Is q prime?
False
Let c(w) be the third derivative of -1/20*w**5 + 